inder when t is divided by n?
0
Let a(l) = -l**3 - 11*l**2 + 15*l + 26. Let r be a(-12). Calculate the remainder when (-224)/r - (-36)/60 is divided by 9.
5
Suppose 224 = 5*s - 3*r, 0*r + 188 = 4*s + 2*r. Calculate the remainder when 274 is divided by s.
44
Let x be 3/(-9) - 5/(0 + -15). Suppose x = 6*w - 3*w - 105. Let c(f) = f**3 + 6*f**2 + 3*f + 3. What is the remainder when w is divided by c(-5)?
9
Let h be (92/6)/(4/6). Suppose -7 = -5*j + h. Suppose 4*g + 26 = j*g. What is the remainder when 24 is divided by g?
11
Let u(h) = -h**3 - 6*h**2 + 16*h + 34. What is the remainder when u(-9) is divided by 4?
1
Let r = -36 - -19. Let l = -10 - r. Suppose -4*g + 79 = l. What is the remainder when g is divided by 5?
3
What is the remainder when (110 + (0 - 0))*(-150)/(-60) is divided by 6?
5
Suppose -22*l - 2533 + 9628 = 107*l. Calculate the remainder when l is divided by -5*(1/1 + -4).
10
Suppose 361 = 3*k - k - 3*r, 0 = k - 3*r - 185. Calculate the remainder when k is divided by 18.
14
What is the remainder when 198 is divided by -6 - -3*672/36?
48
Suppose -31*o + 3*u + 82 = -26*o, o - 2*u - 15 = 0. What is the remainder when 18 is divided by o?
1
Let t = 70 + -76. Let b(v) = 3*v**2 + 12*v - 4. What is the remainder when b(t) is divided by 17?
15
Let l = -189 + 349. Suppose l = 4*h - 140. What is the remainder when h is divided by 26?
23
Suppose 12*t + 757 = 2461. Calculate the remainder when t is divided by 18.
16
Suppose 0*z + i - 193 = 3*z, -z - 55 = 2*i. Suppose -k + 0*k + 10 = 4*x, k + 3*x - 11 = 0. What is the remainder when k is divided by (-14)/z - 68/(-18)?
2
Suppose -3*r = 4*c - 381, -62*c + 194 = -60*c - 2*r. Calculate the remainder when 277 is divided by c.
85
Suppose 0 = -b + 4*x + 16, 4 = -3*x - x. Suppose 2*r - 15 = 5*r. Let p = r + b. What is the remainder when 19 is divided by p?
5
Let j = -3 - -6. Suppose s = j*s - 18. Calculate the remainder when ((-57)/s)/(3/(-27)) is divided by 15.
12
Let g(y) = y**3 + 10*y**2 + 11*y + 9. Let l be g(-9). Let p = l - -10. What is the remainder when 13 is divided by ((-4)/4)/(p/(-5))?
3
Let m = -114 + 76. Let a = -67 + 110. Calculate the remainder when a is divided by 1/(m/105 + 18/42).
13
Suppose -8*g + 309 = -67. Calculate the remainder when 75 is divided by g.
28
Let d(r) = -3*r + 113. Calculate the remainder when d(8) is divided by 46.
43
Suppose 0 = -i - 4*i + 910. Suppose -3*n + n + i = 0. Calculate the remainder when n is divided by 46.
45
Suppose -4 + 91 = 3*n. Let g(s) = 0*s - 6*s + 7*s + 19. What is the remainder when n is divided by g(-9)?
9
Let k(r) be the first derivative of 1/2*r**2 + r**3 - 1/4*r**4 - 4*r + 4. Calculate the remainder when 6 is divided by k(2).
0
Let t(h) be the first derivative of h**3/3 + h**2 - 12*h - 3. Let b be t(3). What is the remainder when b/(39/9 + -4) is divided by 5?
4
Suppose 3*w - 5*c = -4*c + 179, 0 = 3*w - 2*c - 175. Suppose -4*g + 47 = -w. Calculate the remainder when g is divided by 7.
6
Suppose -66 = -l + i, -4*l - 18 + 267 = i. Calculate the remainder when l is divided by 11.
8
Suppose 72*j - 75*j + 9 = 0, -5*j - 377 = -4*u. Calculate the remainder when 487 is divided by u.
95
Let f be (3/2)/(6 - (-108)/(-16)). Let p(s) = -2*s**3 - 2*s**2 + 3. What is the remainder when 30 is divided by p(f)?
8
Let d(l) be the first derivative of 23*l**3/3 + 5*l**2/2 + 3*l - 43. Calculate the remainder when d(-2) is divided by 23.
16
Let n be 2/9 - 258/(-54). Suppose -3*o - 2*o = -5*m + 115, n*o + 3*m + 75 = 0. What is the remainder when 42 is divided by -1 - -1 - (o + 3)?
12
Let a be (-4)/(-6) + (-11)/3. Suppose -10*l + 116 = -164 - 40. What is the remainder when l is divided by (11/(-3))/(1/a)?
10
Suppose -6*p - q + 5 = -5*p, -5*p = 3*q - 19. What is the remainder when 36 is divided by p*(69/6 + -3 + -2)?
10
Let w = 88 - 79. Suppose 0 = w*g + g - 70. What is the remainder when g is divided by 2?
1
Let j(k) = -k**3 - k**2 + 14*k + 4. What is the remainder when 509 is divided by j(-5)?
33
Let v = -132 - -198. Suppose v = -4*f + 15*f. What is the remainder when 23 is divided by f?
5
Suppose p + 2 = 3. Suppose -4*r - n = 31, p = r - 5*n - 7. Let x(l) = l**3 + 8*l**2 + 8*l + 10. Calculate the remainder when 10 is divided by x(r).
1
Let a(c) = c**3 + 8*c**2 + 2*c + 16. Let r be a(-8). Let l = 8 + -6. Suppose -l*q = -r*q - 70. Calculate the remainder when q is divided by 12.
11
Suppose 5*b + 3*c + 553 - 727 = 0, 8 = -4*c. Let i(l) = -17*l**3 - 3*l - 1. What is the remainder when i(-2) is divided by b?
33
Suppose 0 = c + c - g - 13, -c + 24 = 3*g. Calculate the remainder when 43 is divided by c.
7
Let f = -11 + 17. Let m = f - -1. Suppose 4*o - m*o = -45. What is the remainder when o is divided by 6?
3
Let h = -599 - -625. Let k(r) = r**2 - r + 102. What is the remainder when k(0) is divided by h?
24
Let o = 692 + -582. What is the remainder when 545 is divided by o?
105
Let x(k) = 33*k - 119. What is the remainder when 180 is divided by x(5)?
42
Suppose -14*a = -10*a - 228. Let t = 46 + -17. Calculate the remainder when a is divided by t.
28
Suppose 3*u + 53 = 5*v, u + 8 = v + 3*u. What is the remainder when 21 is divided by v?
1
Suppose -17*s + 22*s - 115 = 0. What is the remainder when 135 is divided by s?
20
Calculate the remainder when 100 is divided by (-156)/(-27) - (13 - 1428/108).
4
Suppose w = 4, -u - 2*w = 3*w - 53. Let z = u + 158. Suppose -z = -5*y + 2*g, 0*g + 8 = 4*g. What is the remainder when y is divided by 10?
9
Let h = 988 + -752. What is the remainder when h is divided by 119?
117
Let u(g) = 4*g + 33. What is the remainder when u(-5) is divided by (3/3)/((-1)/(-5))?
3
Suppose 68*y - 1787 - 3245 = 0. What is the remainder when 109 is divided by y?
35
Suppose 0 = -33*y + 50*y - 255. What is the remainder when 157 is divided by y?
7
Let l(o) = 2*o - 2*o + 1 - 2 - 4*o. Let m be l(1). Let d(c) = -c**2 - 6*c + 3. What is the remainder when 30 is divided by d(m)?
6
Suppose -2*j + 120 = 30. Suppose 2*l = 3*c + l - 39, -2*c + 3*l = -33. Calculate the remainder when j is divided by c.
9
Suppose 3*z = 2*w - 67, -7*w + 2*z - 72 = -9*w. Calculate the remainder when w is divided by 9.
8
Let w = -5 + 9. Suppose -w*s = -t - 11, -2*t + 4*t = 10. Let h = -485 - -499. Calculate the remainder when h is divided by s.
2
Suppose -6*o = -5*o + 6. What is the remainder when 27 is divided by (2 - o)*5*4/16?
7
Suppose 135 = 3*l + 3*p, 0 = -2*l - 5*p + 22 + 68. What is the remainder when l is divided by 12?
9
Suppose -9*j + 224 + 190 = 0. Calculate the remainder when 75 is divided by j.
29
Suppose 3*s = -4*q + 34, q - 18 = -0*s + 4*s. Suppose -6 = -m + 16. Calculate the remainder when ((-943)/115)/((-2)/q) is divided by m.
19
Let s(o) = -o**3 - 13*o**2 - o - 10. Let d(c) = 2*c**2 + 4*c + 3. Calculate the remainder when d(-2) is divided by s(-13).
0
Suppose 4*b = -t + 4 + 17, -2*t + 10 = 0. Let n = 0 + b. Suppose 2*j - 20 = 5*y + 2, 0 = -j + n*y + 5. What is the remainder when 39 is divided by j?
18
Let s be (-10 - -8)/(1/42) - -3. Let q = s + 91. What is the remainder when 34 is divided by q?
4
Calculate the remainder when 256 is divided by 72/(-5)*(-795)/212.
40
Suppose 0 = -4*k + 77 + 99. Suppose 6*y - 254 = -k. Calculate the remainder when 139 is divided by y.
34
Let v = 78 - 68. Suppose v*b = 240 + 30. What is the remainder when 80 is divided by b?
26
Suppose -6*t = -942 + 258. What is the remainder when t is divided by 29?
27
Suppose 0 = -2*f + 18 + 20. Let c(s) = -s**3 - 4*s**2 + s + 23. Let h be c(-5). Let r = h + -8. Calculate the remainder when r is divided by f.
16
Let r = -107 - -110. Suppose -3*d = -6, -2*d - 129 = -r*j + d. What is the remainder when j is divided by (-66)/(-4) - (-2)/(-4)?
13
Suppose 2*j + 5*x = -j + 19, -38 = -2*j + 3*x. Calculate the remainder when j is divided by 5.
3
Suppose 2*l - 18 = u + 2, 3*l + 4*u - 52 = 0. Suppose 0 = 5*y + l - 142. Calculate the remainder when y is divided by 16.
10
Suppose -d - 6 = -3. Let i be d/(104/116 - 1). Suppose -5 = -2*v + i. Calculate the remainder when 65 is divided by v.
14
Let g(i) = 10*i**3 - 3*i**2 + 2. Let s be g(-1). Let x be 98/8 - (-2)/(-8). Let v = x - s. Calculate the remainder when 112 is divided by v.
20
Suppose 4*p - 9*p + 2360 = 0. Suppose -4*s = -4*q - p, 2*s + 2*q - 6*q = 232. Suppose